, what is -76 - b86d?
-b905
In base 3, what is 222102 + -1102?
221000
In base 14, what is 8d13 - -1?
8d14
In base 16, what is 1f - -84fe?
851d
In base 14, what is 5 - 9c7b?
-9c76
In base 13, what is -4 + -5b940?
-5b944
In base 8, what is 6 - 3175132?
-3175124
In base 3, what is 11121120 + -120112?
11001001
In base 7, what is 0 + -11666?
-11666
In base 2, what is 101 - -1101011000011000?
1101011000011101
In base 9, what is -236 + -642?
-878
In base 14, what is -2d01b + 1?
-2d01a
In base 9, what is -5 - 10585?
-10601
In base 6, what is 1241122 + 145?
1241311
In base 8, what is -22 - 41?
-63
In base 2, what is -10 + -1000000110010110?
-1000000110011000
In base 6, what is 132 - 130322?
-130150
In base 3, what is -12 + 1220102111110?
1220102111021
In base 7, what is 4366544 + 6?
4366553
In base 5, what is 0 - 4201242?
-4201242
In base 7, what is 0 + 10434561?
10434561
In base 9, what is 318821 - 2?
318818
In base 12, what is 87 + -2783a?
-27773
In base 7, what is 2 + 14043?
14045
In base 15, what is 17 + 668?
680
In base 16, what is 3 - -3257?
325a
In base 4, what is -3122 - -1203?
-1313
In base 13, what is 3aa - -2?
3ac
In base 10, what is 542364 - 5?
542359
In base 3, what is 11022 - -212?
12011
In base 16, what is 404fd - 6?
404f7
In base 14, what is -1 - 7d4a?
-7d4b
In base 12, what is -80 + 131?
71
In base 3, what is -1100020 + 222?
-1022021
In base 4, what is 3 - -2120311?
2120320
In base 12, what is 39b + -41a9?
-3a0a
In base 9, what is -545516 - 0?
-545516
In base 15, what is b7e - 333?
84b
In base 6, what is -5042 + 14130?
5044
In base 15, what is 3ed09 + 3?
3ed0c
In base 12, what is -2 - -3a934?
3a932
In base 7, what is 1556 - -12036?
13625
In base 4, what is -3131030221 + 2?
-3131030213
In base 13, what is 773 - 346?
42a
In base 16, what is a1 - -104?
1a5
In base 15, what is -18b02 - 16?
-18b18
In base 10, what is 330 - -12461?
12791
In base 14, what is -2 + a457?
a455
In base 4, what is -301 - -210010?
203103
In base 6, what is 1052531 - 20?
1052511
In base 9, what is 1011 + -82?
818
In base 5, what is 143242403 + -3?
143242400
In base 4, what is 13 - -3003300?
3003313
In base 4, what is -100 - -22330333?
22330233
In base 5, what is -3210 - 4041?
-12301
In base 12, what is -238 - 438?
-674
In base 6, what is -3252 - -213?
-3035
In base 13, what is 175 + 126?
29b
In base 7, what is 65 + -532623?
-532525
In base 11, what is 3 - a790?
-a788
In base 7, what is 25 + 5013?
5041
In base 14, what is -240 + 639?
3d9
In base 12, what is b83 + -6?
b79
In base 16, what is -aed4 + 3?
-aed1
In base 9, what is -3 + 24651?
24647
In base 15, what is 25 - -15672?
15697
In base 3, what is -112122112 + 102?
-112122010
In base 6, what is 35341 - 5?
35332
In base 4, what is 1032 - -11103123?
11110221
In base 8, what is -12 - 1056?
-1070
In base 5, what is -1 - -321120?
321114
In base 5, what is 22112 - 11?
22101
In base 10, what is -5923 - 17?
-5940
In base 5, what is -1321 + -31344?
-33220
In base 15, what is -10 + -24e5?
-2505
In base 7, what is -121032 - -5?
-121024
In base 13, what is -4700 - -1?
-46cc
In base 2, what is -1 + -1011010001100011100?
-1011010001100011101
In base 9, what is 248 - 4631?
-4372
In base 2, what is -11 + -110101000001111?
-110101000010010
In base 10, what is -7 + 697?
690
In base 12, what is 2a600 + -3?
2a5b9
In base 9, what is 35610 + 51?
35661
In base 8, what is -574447 - 12?
-574461
In base 10, what is 2 + 1102006?
1102008
In base 15, what is -507a9 + 5?
-507a4
In base 13, what is 305881 - 4?
30587a
In base 16, what is -6e + fd4?
f66
In base 13, what is -178c - -15?
-1777
In base 9, what is -1427 + 31?
-1386
In base 6, what is 1 + -1022344?
-1022343
In base 10, what is 31326 + -3?
31323
In base 6, what is -14251402 - 3?
-14251405
In base 4, what is 10131221310 - -10?
10131221320
In base 16, what is 4768e - 3?
4768b
In base 7, what is -1106 - 5453?
-6562
In base 10, what is -235489 - -1?
-235488
In base 15, what is -633 - 5b9?
-bec
In base 2, what is -101111000101100 + -100?
-101111000110000
In base 7, what is -15046 + -60?
-15136
In base 16, what is 6 + -2228?
-2222
In base 6, what is -4 - -201440?
201432
In base 3, what is -10 - 121221222102?
-121221222112
In base 15, what is 179 - -3?
17c
In base 10, what is -11893 + 252?
-11641
In base 9, what is -1 - 54214?
-54215
In base 7, what is 110350 + 1?
110351
In base 2, what is 110100 - -1101000001110100?
1101000010101000
In base 16, what is 717 + 2e3?
9fa
In base 7, what is 3 + 216141?
216144
In base 6, what is 130 - 2231?
-2101
In base 13, what is 528 - -9?
534
In base 4, what is -3 - 303010331?
-303011000
In base 4, what is -20231 + -1132132?
-1213023
In base 14, what is 4 + -cb?
-c7
In base 3, what is -1012112 + -1020?
-1020202
In base 4, what is -23 + 233202?
233113
In base 5, what is 11 + -233344?
-233333
In base 2, what is 100100100011 - -11101101000?
1000010001011
In base 15, what is 9195 - -d?
91a3
In base 16, what is -3d26 + 0?
-3d26
In base 2, what is 10101010101 + -110001011?
1111001010
In base 8, what is -3 - -13324?
13321
In base 12, what is -204 + b94?
990
In base 5, what is -3 - -313304?
313301
In base 8, what is -314 + 12440?
12124
In base 4, what is 3031002 - -23?
3031031
In base 8, what is -1137 - 1371?
-2530
In base 16, what is -3385e3 + 2?
-3385e1
In base 9, what is -1 + -8163?
-8164
In base 4, what is -120203 - 33101?
-213310
In base 3, what is -10002012201 - 0?
-10002012201
In base 16, what is 9ea + 5a?
a44
In base 6, what is -11120 - -11?
-11105
In base 13, what is 34 - -322?
356
In base 4, what is -1001032 - 1233?
-1002331
In base 13, what is 64b - -122?
770
In base 14, what is 7d3 - 18b?
646
In base 9, what is -2 + 21583?
21581
In base 11, what is -1 + 1511a?
15119
In base 12, what is -5634b9 - -2?
-5634b7
In base 13, what is 5 - 2855?
-2850
In base 16, what is 9b + -58f?
-4f4
In base 16, what is 2429 + 1?
242a
In base 15, what is -10 - 4647a?
-4648a
In base 4, what is -112332 - -2033?
-110233
In base 4, what is -1 + -203130?
-203131
In base 15, what is 86609 - 6?
86603
In base 14, what is c3 + 2ac8?
2bab
In base 9, what is 23 - -78202?
78225
In base 11, what is -98704 - -5?
-986aa
In base 8, what is 115063 - -23?
115106
In base 10, what is -773703 - 3?
-773706
In base 6, what is 130 + 10014?
10144
In base 10, what is 200287 + 1?
200288
In base 5, what is 30 + 1214004?
1214034
In base 6, what is -1104 + 1323?
215
In base 3, what is 10 - 221020220202?
-221020220122
In base 5, what is 33 - -1442?
2030
In base 10, what is 46815 + 1?
46816
In base 10, what is 311464 + 0?
311464
In base 14, what is -549 + -65?
-5b0
In base 10, what is 2195524 - -1?
2195525
In base 9, what is -305017 - -2?
-305015
In base 8, what is -63 - 24011?
-24074
In base 6, what is -5354 - -50?
-5304
In base 5, what is 2 - -121202?
121204
In base 4, what is -121 + -33212302?
-33213023
In base 4, what is -2331200 - -33?
-2331101
In base 8, what is -117 - -3731?
3612
In base 15, what is 5 + 3861?
3866
In base 7, what is 4 + 1346541?
1346545
In base 13, what is -6 - 54?
-5a
In base 13, what is 450 - 500?
-80
In base 7, what is 30124 - 624?
26200
In base 2, what is 11000001 + -1001110000?
-110101111
In base 12, what is a05b - 0?
a05b
In base 14, what is 7 + 609?
612
In base 6, what is 21430 + -11525?
5501
In base 2, what is 10111010001101 - -10100?
10111010100001
In base 14, what is -7d + -3855?
-38d4
In base 14, what is -1 - 1c96?
-1c97
In base 4, what is 10 - -22323201?
22323211
In base 5, what is -4321 - -12?
-4304
In base 2, what is -11011110010 + 11010?
-11011011000
In base 13, what is 6 - -122674?
12267a
In base 3, what is 20010202 + 20122?
20101101
In base 9, what is 210486 - -5?
210502
In base 10, what is 294 + 31130?
31424
In base 7, what is 5 + -102622?
-102614
In base 5, what is 3112 - 0?
3112
In base 8, what is 11636 + 1203?
13041
In base 6, what is -30 + -121134?
-121204
In base 15, what is -3a4 + 76?
-32d
In base 13, what is 6 + c3a0?
c3a6
In base 8, what is 350 + 106?
456
In base 3, what is -110021 - -22010011?
21122220
In base 3, what is 200010 - 10112002?
-2211222
In base 7, what is 103162 - 25?
103134
In base 16, what is -2 - 1126a6?
-1126a8
In base 5, what is -142123 + -2131?
-144304
In base 13, what is 11a3902 + 1?
11a3903
In base 12, what is -1727 + -8?
-1733
In base